hat is the hundreds digit of u?
4
Let x(l) = 1660*l**2 + l + 2. Let w be x(-1). What is the tens digit of (0/2 - -1) + -4 + w?
5
Let z(u) = -u**3 - 10*u**2 - u - 8. Let x be z(-10). Let n be -3 + 0*(2 - x/2). Let b(g) = 7*g**2 + 3*g + 5. What is the tens digit of b(n)?
5
Let m be 1/(0 + 3) + 55/15. Suppose 4*k = -2*y + 5*k + 428, -y - m*k = -223. What is the hundreds digit of y?
2
Let g = -1075 + 1662. Let p = g + -316. Suppose 0 = 4*b + r - 265, -4*b = -0*b - r - p. What is the tens digit of b?
6
Let l be (-9625)/(-4) + -4*8/128. Suppose 0 = t + 3*i - l, -4*t + 7194 = -t - 3*i. Suppose -15*g + 3*g + t = 0. What is the tens digit of g?
0
Let k(y) = 86*y**2 - 20*y - 186. What is the units digit of k(-12)?
8
Suppose 9*g = -7624 + 24760. Suppose 4*h - 528 = g. What is the units digit of h?
8
Let j(w) = -1220*w - 1005. What is the tens digit of j(-6)?
1
Suppose -5*d - 66539 = -5768*u + 5767*u, 0 = 3*u + 3*d - 199581. What is the tens digit of u?
2
Let v be (-1 + 0)/(9 + -3 + -7). Let x(h) = 312*h - 21. What is the hundreds digit of x(v)?
2
Let w = 636 + -451. Suppose -4*b = -2*r - 410, 4*b + 5*r = -0*r + 389. Let p = w - b. What is the tens digit of p?
8
Let j(d) be the second derivative of -257*d**3/6 - 8*d**2 + d - 15. What is the hundreds digit of j(-3)?
7
Let d = -166 - -168. Suppose -4*s - n = -956, -s = -d*n - 49 - 181. What is the units digit of s?
8
Suppose 3*v + 3*p = 15 - 48, -v = -5*p + 11. Suppose 180 = -97*l + 103*l. Let r = l - v. What is the tens digit of r?
4
Let h be (23 + -15)/((-1)/(-3 + 2)). Let b be ((-22)/(-6))/(1/(-3)). What is the units digit of ((-18)/h)/(((-22)/(-240))/b)?
0
Let t(c) = -c**2 + 6*c + 11. Let o be t(7). Let l(w) = 82*w**2 - w + 2. What is the thousands digit of l(o)?
1
Let j(h) = 5*h**3 + 2*h**2 + 6*h + 4. Let k be j(-1). What is the units digit of (k - 1490)/(-5) + 4*1?
3
Suppose -53 = -9*t + 4*t - 4*y, 3*t - 2*y - 45 = 0. Suppose -3551 = -t*c + 479. What is the hundreds digit of c?
3
Let u be 4/3 + 784/24. Let w = u - 11. What is the units digit of ((-2)/(-4))/(w/2024)?
4
Let a(g) = -2*g**3 + 97*g**2 + 168*g + 89. What is the hundreds digit of a(50)?
9
Suppose 0 = -v - 4, -3*x - 2*v - 10 = -x. Let t be (15/(-4))/(x/8). Let m = 52 - t. What is the units digit of m?
2
Suppose -1413 = 3*b + 3042. Let x = 2372 + b. What is the tens digit of x?
8
Suppose 21*s = 21 + 21. Suppose 4*z = 2*i - i - 523, s*i = 5*z + 1055. What is the hundreds digit of i?
5
Let x(u) = u**3 - 33*u**2 + 66*u - 40. Let n be x(31). Suppose -n*a + 18558 = -66*a. What is the units digit of a?
1
Suppose 2*u + 5 = -5*t, 5*t - 2*t + 3 = 5*u. Let a be (-2 + 10 + -4)*(1 + u). Suppose 0 = a*m + 12, -m + 719 = 4*q - 2*m. What is the units digit of q?
9
Suppose 5*x + 312 = -3*l + 2045, x - l = 345. Let y = x + 205. What is the tens digit of y?
5
What is the tens digit of (-12)/(-36)*(-6)/(-8) - 784600/(-32)?
1
Let f be 2/4*(-78)/(-13). Let j(i) = 7*i - f*i - 3*i**2 - 13 + 11*i**2. What is the units digit of j(5)?
7
Let b(l) = 41*l + 1. What is the units digit of b(5)?
6
Suppose -g = 3*z - 2 - 1, 12 = 4*g + 5*z. Suppose g*h - 5 + 2 = 0. What is the units digit of h + 4/14 + 4295/35?
4
Let g(n) = -2*n - 13. Let y be g(-8). Suppose -s - c = -5*c + 1, 3 = y*c. Suppose -5*x + 17 = -s. What is the units digit of x?
4
Let r(s) be the first derivative of s**3/3 - 27*s**2 - 16*s + 76. What is the hundreds digit of r(-10)?
6
Let a = -140 + -699. Let r = 1280 + a. What is the tens digit of r?
4
Suppose 0 = 3*l - 3*w - 11478, -5*l + w = -0*w - 19150. What is the hundreds digit of l/12 + (-3)/12?
3
Suppose -j + 4*j - 36 = 0. Let c = -40 + j. Let n = 33 + c. What is the units digit of n?
5
Let p(n) = n**2 - 2*n - 186. Let c be p(21). Let m = -40 + -69. Let q = m + c. What is the units digit of q?
4
Let s(x) = 1882*x**3 - 11*x**2 + 28*x - 9. What is the tens digit of s(3)?
9
Suppose 0 = 5*y + 234 - 194, -2*q + 4*y = -22716. What is the ten thousands digit of q?
1
Let u be (-82)/4*(-6)/3. Let n = u - 37. Suppose -3*q + 663 = n*d - 0*d, 3*d - 442 = -2*q. What is the hundreds digit of q?
2
Suppose 30*i = 32*i - 2. Let n(a) = 3*a**2 + 0*a**2 + 2*a**2 - 1 + 84*a**3 - a - 3*a**2. What is the tens digit of n(i)?
8
Let w be 8/(-3)*(-4 + 1). Let v(h) = 16*h - 5. Let a(m) = 8*m - 2. Let r(p) = -5*a(p) + 3*v(p). What is the tens digit of r(w)?
5
Suppose 5*s = 162 - 122. Suppose s*d = 1751 + 4081. What is the tens digit of d?
2
Let r(b) = -44*b + 14*b**2 + b**3 + 31*b - 16 + 25*b. Let l(p) = p**3 + 14*p**2 - 12. Let o be l(-14). What is the tens digit of r(o)?
2
Let x(s) = 3251*s + 34. What is the tens digit of x(1)?
8
Let v be 4*(21/6)/(-7). Let t be (-135)/(-30)*(1 + v/6). Suppose -3*x = -m - 326, -t*x - 2*x + 544 = -m. What is the hundreds digit of x?
1
Suppose 5*v = 5*i - 295575, 51372 = i + 2*v - 7734. What is the tens digit of i?
1
Let x be (30 - 470) + (-1)/(2/(-4)). What is the hundreds digit of (-3 + 2)/(-4 - 1749/x)?
1
Let j(q) = 2*q**3 + 68*q**2 + 68*q + 144. What is the units digit of j(-31)?
2
Let w = -9477 - -13276. What is the hundreds digit of w?
7
Suppose -t = -0*t + 12. Let u(z) = -z**3 - 12*z**2 + z + 26. Let m be u(t). What is the units digit of (-16)/14*m/(-4)?
4
Let f = -10517 - -38502. What is the tens digit of f?
8
Let j(l) = -l**3 + 8*l**2 - 7*l + 4. Let d(x) = 3*x - 24. Let g be d(10). Let p be j(g). What is the tens digit of 7/7*(-1 + p)?
3
Let m = -45894 - -82198. What is the ten thousands digit of m?
3
Let r = 142 - 141. Let j(d) = 19*d**3 + d**2 - d + 1. Let o be j(r). What is the units digit of (-112)/o + 6 + 88/5?
8
Let b be (4/(-5))/(310/(-50) + 6). Let x(v) = 245*v + 176. What is the thousands digit of x(b)?
1
Let w(h) = 43*h + 51. Let b(n) = 87*n + 102. Let j(z) = -3*b(z) + 5*w(z). Let y = -651 - -645. What is the units digit of j(y)?
5
Let f be (88 + -4)*(58/3 + -3). Suppose -5*u = 4*s - f - 1124, -5*s + 3120 = -2*u. What is the tens digit of s?
2
Let p be (2 - (9 - 5)) + -1. Let f(h) = -6*h**3 - 11*h**2 - 2*h - 1. Let l be f(p). Let w = 200 + l. What is the tens digit of w?
6
What is the units digit of (-35)/14*((-2064048)/(-35))/(-12)?
6
Let y(n) = -n**3 + 14*n**2 - 42*n + 14. Let q be y(9). Suppose 0 = -45*j + q*j + 832. What is the units digit of j?
8
Suppose 26*y = 29*y + 5*a + 3614, -y - 5*a = 1188. Let g = 51 - y. What is the tens digit of g?
6
Suppose -144978 = -40*j + 151702. What is the thousands digit of j?
7
Suppose 4*n = 2*b + 16394, 4*n + b - 16390 = -b. What is the thousands digit of n?
4
Let g(i) = i**2 - 33*i + 67. Let r be g(31). Suppose -5*x = 2*p - 1891, -x + r*x = -3*p + 1510. What is the hundreds digit of x?
3
Let x(q) = -11*q + 14. Let n(y) = -5*y + 7. Let m(v) = -9*n(v) + 4*x(v). Let s be m(3). What is the units digit of (-31)/(-124) - (-1)/(s/(-63))?
6
Let g(q) = 11*q**2 - 3*q + 4. Let s be g(5). Suppose 7128 = s*u - 252*u. What is the hundreds digit of u?
5
Suppose 0 = -40*m + 62*m - 186626. What is the hundreds digit of m?
4
Let v(j) be the first derivative of -j**4/4 - 3*j**3 + 3*j**2 + 11*j - 9. Let s be v(-10). Let y = s + 78. What is the hundreds digit of y?
1
Suppose 0 = g - o - 660 - 613, 2558 = 2*g + 4*o. Let z = g - 749. What is the hundreds digit of z?
5
Let d(k) = 2*k**2 - 13*k - 41. Let s be d(10). Suppose 0 = s*v - 36*v + 2023. What is the hundreds digit of v?
2
Suppose -87 - 25 = -28*q. Suppose 183 = q*p - g - 25, -p + 3*g = -63. What is the units digit of p?
1
Let k(n) = n**3 - 12*n**2 + 23*n + 11. Let r be k(11). Let m = r + 563. What is the hundreds digit of m?
7
Suppose 4*g + 1150 = 9*g. Let j = 348 - g. Suppose -14*w = -16*w + j. What is the tens digit of w?
5
Let w(n) = n**3 + 33*n**2 + 35*n + 101. Let t be w(-32). Suppose -t*q + 2*b = -728, 149 = q + b + 2*b. What is the units digit of q?
6
Let o = 164 + 210. Let f = o + -56. What is the units digit of f?
8
What is the units digit of 572/24 + (-35)/42?
3
What is the units digit of (-15426*16/(-72)*-3)/(-1)?
4
Let h(p) = 218*p**3 - 17*p**2 + 54*p - 4. What is the thousands digit of h(4)?
3
Let f(b) = 9*b - 23. Let s(l) = l**2 + l + 3. Let v be s(0). Suppose v*j + 43 = 5*t, 2*t + 0*j - 12 = -4*j. What is the units digit of f(t)?
9
Let w(x) = 1272*x - 3226. What is the thousands digit of w(7)?
5
What is the tens digit of -948*(13 + -53) - -